3*x + 3*t = -t + i. Suppose -152 = -3*j - x. Is j a composite number?
False
Let c(p) = 59*p**2 - 211*p - 13. Is c(-18) a composite number?
False
Let r(z) = 29*z**2 + z - 11. Suppose 12 = 2*u + 5*a, 5*a = -3*u + a + 18. Is r(u) a composite number?
False
Suppose u - i - 35 = 2*i, 2*u - 3*i = 76. Suppose -66 = -3*r + 114. Is (u/2)/(6/r) a composite number?
True
Let p(i) be the first derivative of -3 + 1/2*i**2 - 4*i + 20/3*i**3. Is p(3) a prime number?
True
Let u(b) = 4*b**2 + 6*b + 148. Is u(-45) a composite number?
True
Let x(s) = 5*s - 2. Let l be x(1). Suppose l*f + 2637 = 5*a, 632 = 3*a - 3*f - 949. Suppose 4*t + a = 1372. Is t composite?
False
Is (11/(-33))/(-2 + 5235/2619) a composite number?
True
Let q = 15 - 24. Let o = -7 - q. Suppose -o*u - 2218 = -4*y, -3*y + 2092 - 416 = u. Is y prime?
True
Let x = 78 + -76. Let n be 127 - (1 - (-1 + 1)). Suppose 48 = x*t - n. Is t prime?
False
Let g(r) = 62*r**2 + 2*r + 3. Suppose 37*h - 41*h = -16. Is g(h) a prime number?
False
Suppose -8*n + 5*n + 9 = 0, 0 = 3*x - 4*n - 187137. Is x prime?
True
Suppose 0 = -1001*h + 1006*h - 151045. Is h a prime number?
False
Suppose -7*f + 75177 = 2*f. Is f a composite number?
False
Let x be (24 - 2 - 2)*39. Suppose 8*y = x + 236. Is y a composite number?
False
Suppose 2*k = 7*k - 40. Let g(f) = -k + 3 - 4*f + f. Is g(-10) a composite number?
True
Suppose 14 = -p + 5*k, 0*p - 2*p = k + 83. Suppose -3*v - 2*v - 80 = 0. Let g = v - p. Is g composite?
False
Let o(q) = 3*q**2 + 2*q + 4. Let l be o(-5). Let p be (-4)/1*(0 - 1). Suppose -134 - l = -p*a + 3*k, -74 = -2*a - 4*k. Is a prime?
True
Let a = -2223 - -4242. Is a prime?
False
Let i(n) = -n - 34. Let x be i(-21). Is -8 - x - 2/(-2) a prime number?
False
Let p be -2 - (4 + (-196)/4). Suppose -p*t = -47*t + 1276. Is t a composite number?
True
Let y(w) = w**2 + 10*w. Let z be y(-8). Let v = 597 - z. Is v prime?
True
Let z = 42 - 44. Is ((-6)/12)/(z/4196) a prime number?
True
Let q(a) = 0*a**3 - 19 + a - a**3 + 7*a**2 + 23*a**2 + 2*a. Is q(13) composite?
True
Let d be 5 - 6932/(-12) - 2/3. Let r = -325 + d. Is r composite?
False
Let h(m) = 2013*m**2 + 11*m - 23. Is h(2) a prime number?
False
Suppose 5*k - 2*t - 5760 - 19977 = 0, 4*k = -3*t + 20585. Is k a composite number?
False
Let k = 56 - 56. Is (4 + 0 + k)*(-578)/(-8) a prime number?
False
Suppose 16*c - 10*c = 11670. Suppose b = s - 2025 + 77, s = 4*b + c. Is s a prime number?
True
Is (-85743)/(-18) - (10/(-4) + 1) a prime number?
False
Let j(i) = 2*i**2 + 4*i + 4. Suppose -3*t + 15 = -t + 5*x, 5*x = 25. Let z be j(t). Suppose -m - 1 + z = 0. Is m composite?
True
Let n be 160/72 + 2/(-9). Let r be (7/((-21)/(-24)))/n. Suppose 3*d + r*a + 322 = 975, a - 849 = -4*d. Is d prime?
True
Suppose -8*s = -2*s. Suppose -5*o - 2*m + 5251 = s, m + 3363 = 3*o + 219. Is o composite?
False
Let g(j) = 14*j + 15*j**2 + 23 - 44*j**2 + 18*j**2 + 12*j**2. Is g(12) a prime number?
False
Let y = 1297 + -802. Suppose -y = -4*c + 169. Is c composite?
True
Let m be 189/14 + (-2)/4. Suppose -5*i - 13256 = -m*i. Is i a prime number?
True
Let j(d) = -d**3 + 12*d**2 + 14*d - 7. Let o be j(13). Suppose -7*c + o*c + 149 = 0. Is c a composite number?
False
Suppose 0*f - 3*f = 0, 2*q - 2*f = 8. Suppose 0 = 4*u - p - q*p - 9, 0 = 4*u - 3*p + 1. Is ((-79)/u)/((-5)/(-20)) a composite number?
False
Let p = 26 - 23. Suppose 2*d - 5 = p*d. Let r(v) = -19*v - 10. Is r(d) prime?
False
Let v be (-295)/(-15) + (-1)/(-3). Let q = v + -14. Is 140/q + (-2)/6 composite?
False
Suppose -3*p + 7 = -4*z, -4*z - z - 15 = -5*p. Suppose -1354 = -z*f - n, 0*n = -3*n. Is f prime?
True
Is 42/12*(-42236)/(-14) composite?
False
Let k be ((-8)/(-24) + 5)/((-2)/3). Let b(l) = 69*l + 25. Let z(m) = 137*m + 49. Let f(t) = -5*b(t) + 2*z(t). Is f(k) composite?
False
Let q = 2 + 2. Suppose -5*m - 4*z = -55 + 20, -3*m + 4*z - 11 = 0. Suppose 0 = -4*g + m*g + 4*l + 101, 3*l + 443 = q*g. Is g composite?
False
Suppose 0 = 2*f + r + 1823 + 1537, f = 5*r - 1658. Let y = 375 - f. Is y a composite number?
False
Let c be (-2 + 2)/(4/(-2)). Suppose c*f + 1496 = 4*f - 4*n, -3*f + 2*n + 1127 = 0. Is f prime?
True
Let f = 49 + 116. Let q = 271 - f. Is q composite?
True
Let g(u) = 21*u + 3. Let w(y) = 43*y + 6. Let h(k) = 7*g(k) - 3*w(k). Let f be h(-12). Let a = f - -734. Is a a prime number?
True
Suppose -43747 = -5*j - 4*h, j + 5*h = -29 + 8791. Is j prime?
True
Let l be (-85)/(-25) + (-9)/(-15). Suppose 5 = -t, 4*t = l*p - 8*p + 1248. Is p prime?
True
Let h(k) = -1043*k - 19. Is h(-4) composite?
False
Suppose r - 6*r + 35 = 5*f, f = -2*r + 11. Suppose r + 1 = p. Suppose p*j - 4*z = -0*j + 2905, 2*z + 2324 = 4*j. Is j prime?
False
Let o = -233 + 459. Let u = 360 + o. Is u prime?
False
Let v = -22 - -22. Is 4201 + v*3/(-15) prime?
True
Suppose -2*j - 3 + 7 = 0. Let k be ((-5)/j)/(4/(-8)). Suppose 2*y - 235 = -k*a, 132 = -0*a + 3*a + 3*y. Is a a composite number?
True
Let o(z) = 405*z - 86. Is o(5) composite?
True
Let w(x) = x**2 - 8*x - 1. Let o be w(9). Let j be o/(-12) + 3063/(-9). Let i = j - -628. Is i composite?
True
Suppose 3*f + 2*k = -12, 18 = -8*f + 3*f - 4*k. Let g be (f/(-8))/((-3)/(-168)). Suppose 0 = -0*r - 3*r + g. Is r composite?
True
Let f(h) = 20*h**2 + 20*h - 3. Is f(-15) prime?
False
Let r(y) = 28*y - 1 - 71*y - 63*y - 30*y. Let b be r(-1). Suppose -5*i + 5 = 0, 4*p + 4*i - 185 = b. Is p composite?
False
Let h(g) = -5*g**3 + 2*g**2 + g - 2. Let l be h(-2). Let x = 97 - 106. Let i = l - x. Is i prime?
True
Suppose 4*h = -5*g + 2*h - 10, -5*h = 4*g + 25. Suppose m - 218 = -g*m. Is m a composite number?
True
Let r = 170 - 290. Let h be ((-4)/(-6))/((-16)/r). Suppose 782 = 2*z + h*d, 5*z - 5*d + 67 - 1952 = 0. Is z composite?
True
Let b(d) = 74*d**3 + 10*d**2 - 14*d + 7. Is b(3) a prime number?
True
Suppose 0*h = 2*k - 2*h - 14, k + 3*h + 1 = 0. Suppose 0 = k*t - 3*t - 794. Is t a prime number?
True
Let j = -24 - -38. Is 2682/j - 32/56 a prime number?
True
Suppose y + 8*y - 3411 = 0. Is y a prime number?
True
Suppose 5*v = -b + 39828, 0 = 3*b + 2*v - v - 119470. Is b prime?
False
Suppose -23 = 3*c - 32. Suppose 4*i = -12, 4620 = 3*g - 0*i + c*i. Is g a composite number?
False
Suppose 5*h - 124 = 2*g + h, 299 = -5*g - h. Is ((-555)/g)/((-1)/(-12)) prime?
False
Let b be (-8)/28 - 30032/(-7). Suppose -3*c = -4*i + 1112, 0*c = -3*c. Suppose 4*o + i = b. Is o prime?
False
Let b = -451 + 735. Let u = b + 125. Is u a prime number?
True
Is -2*((-20985)/20)/1*2 prime?
False
Let t be ((8/(-5))/(-4))/(1/610). Let w = t + -33. Is w composite?
False
Let h = 16852 + -9813. Is h a prime number?
True
Let u = -1360 - -2934. Is u prime?
False
Is ((-395)/10)/(1/(-2)) a composite number?
False
Let p(o) = -3*o**3 + 9*o**2 - 5*o - 4. Let f be p(7). Let n = f + 893. Suppose 4*w + 619 = 5*u, -u + 3*u + 3*w = n. Is u prime?
True
Let n = -435177 + 611948. Is n composite?
True
Is (29/58)/((-4)/(-276664)) a composite number?
False
Let m(p) = 34*p**2 - 4*p + 17. Is m(6) a composite number?
False
Suppose 4*w - 699 = 7309. Suppose w = 5*m - 903. Is m a composite number?
True
Suppose 2*h + 5*u = 19, 4*u = 4*h - 13 - 11. Suppose -18 - h = 5*w. Let m(l) = -11*l - 2. Is m(w) a composite number?
False
Suppose 0 = 3*s - 7*s - 11504. Let g = -1473 - s. Is g a prime number?
False
Let d = -11 - -17. Suppose -w + d - 2 = 0. Suppose 2*k - 1283 = -5*h + w*k, -k = 5*h - 1286. Is h composite?
False
Suppose 5*l - 6488 - 4307 = 0. Is l a composite number?
True
Let c = -7 - -11. Suppose -5*v + 4*v + 28 = 0. Suppose 0 = c*p - 1384 - v. Is p a prime number?
True
Suppose 30*s - 34*s + 32 = 0. Suppose -s*m = -1675 - 7277. Is m a composite number?
True
Let y be 112/20 - (-9)/(-15). Suppose 6*o - 77 = y*o. Is o a composite number?
True
Let k(m) = -8*m**3 + 3*m**2 - 1 - 4*m + 8*m - 2*m - 15*m**3. Let u = -8 - -6. Is k(u) composite?
False
Suppose -171 = -3*t - 2*v, -3*t - 4*v = -114 - 63. Is t prime?
False
Let p = -98 + 268. Suppose -t - 1247 = -5*z, -2*z = 4*t - 342 - p. Suppose -795 - z = -5*q. Is q a composite number?
True
Suppose 6*g + c = 2*g + 65, 5*g - 95 = -4*c. Let v(a) = 2 + 0 + a**3 - 19*a - 13*a**2 - 10. Is v(g) a prime number?
True
Suppose -2*h - m = -2305, 3*h - 15*m - 3441 = -11*m. Is h a composite number?
False
Is 3 + 2 + -9 + 1371 a prime number?
True
Let 